{"id":126,"date":"2024-07-18T15:19:45","date_gmt":"2024-07-18T14:19:45","guid":{"rendered":"https:\/\/www.wealloruschar.com\/dhardar-wealloruschar\/?page_id=126"},"modified":"2025-04-14T09:32:31","modified_gmt":"2025-04-14T08:32:31","slug":"ueber-uns-wealloruschar","status":"publish","type":"page","link":"https:\/\/www.wealloruschar.com\/dhardar-wealloruschar\/ueber-uns-wealloruschar\/","title":{"rendered":"\u00dcber uns Wealloruschar"},"content":{"rendered":"\n<p><\/p>\n\n\n\n<p><\/p>\n\n\n\n<figure class=\"wp-block-image size-full is-resized\"><a href=\"https:\/\/www.wealloruschar.com\/dhardar-wealloruschar\/unser-vorstand\/\"><img loading=\"lazy\" decoding=\"async\" width=\"750\" height=\"750\" src=\"https:\/\/www.wealloruschar.com\/wp-content\/uploads\/2024\/07\/Logo_Wealloruschar.png\" alt=\"\" class=\"wp-image-25\" style=\"width:228px;height:auto\" srcset=\"https:\/\/www.wealloruschar.com\/wp-content\/uploads\/2024\/07\/Logo_Wealloruschar.png 750w, https:\/\/www.wealloruschar.com\/wp-content\/uploads\/2024\/07\/Logo_Wealloruschar-300x300.png 300w, https:\/\/www.wealloruschar.com\/wp-content\/uploads\/2024\/07\/Logo_Wealloruschar-150x150.png 150w\" sizes=\"auto, (max-width: 750px) 100vw, 750px\" \/><\/a><figcaption class=\"wp-element-caption\"><strong>Unser Vorstand<\/strong><\/figcaption><\/figure>\n\n\n\n<p><strong><u>Faschingssaison 2024\/25 der Hardar Wealloruschar<\/u><\/strong><\/p>\n\n\n\n<p>Diese Saison starteten wir bereits im Oktober mit unserem&nbsp; Geburtstagsfest!<\/p>\n\n\n\n<p><strong><u>30 Jahre Wahnsinn und kein Ende in Sicht<\/u><\/strong><strong>!<\/strong><\/p>\n\n\n\n<p>Unter diesem Motto haben wir am 11.10.24 unser 30j\u00e4hriges Vereinsjubil\u00e4um gefeiert.<\/p>\n\n\n\n<p>Danke an Alle die mit uns gefeiert haben und den Abend so besonders gemacht haben!<\/p>\n\n\n\n<p>Es war ein perfekter Einstieg in die neue Saison!<\/p>\n\n\n\n<p>Der 11.11. fiel heuer auf einen Montag, somit trafen wir uns traditionell im Harder Rathaus wo die Muf\u00e4nger die offizielle Saison einl\u00e4uteten. Danach ging es zu unseren neuen Oberwealloruschar`n Markus und Riccarda nach Hause um sie geb\u00fchrend in unseren Verein aufzunehmen! Es war ein toller, langer Abend und wir freuen uns mit ihnen den Fasching gemeinsam erleben zu d\u00fcrfen. Herzlich Willkommen!<\/p>\n\n\n\n<p>Die Vorbereitungen f\u00fcr den Adventszauber 2024 liefen da bereits schon auf Hochtouren.<\/p>\n\n\n\n<p>Am 31.11.24 und 01.12.24 durften wir dann unsere G\u00e4ste mit weihnachtlichen Kl\u00e4ngen, duftenden Spezialit\u00e4ten und kreativen St\u00e4nden in die Weihnachtszeit begleiten. Wir bedanken uns bei der Wige und dem Krippenverein die uns am Freitagabend beim After Gl\u00fchschoppen mit der Er\u00f6ffnung des Krippenweges begleiteten. Toll wenn man gemeinsam was beginnt.<\/p>\n\n\n\n<p>Kurz vor Weihnachten durften wir mit \u201e Hard f\u00fcr Hard\u201c wieder viele Familien unterst\u00fctzen und Kinderw\u00fcnsche erf\u00fcllen. Diese Momente sind mit einer der sch\u00f6nsten und zeigen uns als Verein dass wir auf dem richtigen Weg schreiten. Danke an alle Weihnachtsengel die uns bei diesem Herzensprojekt helfen.<\/p>\n\n\n\n<p>2025 starteten wir mit unserer ersten Faschingsparty auf der Ms \u00d6sterreich ins neue Jahr! Es war ein Fest mit neuen Eindr\u00fccken und tollen G\u00e4sten! Vielen Dank dass ihr mit uns so grandios gefeiert habt! Es schreit nach Wiederholung!! Danke dem HSB und Heino Huber f\u00fcr euer Vertrauen und eure Unterst\u00fctzung!<\/p>\n\n\n\n<p>Da die Saison heuer bis Anfang M\u00e4rz ging besuchten wir gemeinsam viele B\u00e4lle! Botschaball, Fluher Ball, Muf\u00e4ngerball, FZ Kr\u00e4nzle mit Gardeball, Jojo und Pipelinesball<\/p>\n\n\n\n<p>Am gumpiger Donnerstag klauten wir wieder viele Braten aus den \u00d6fen obwohl es uns der ein oder andere nicht leicht machte! Im Rathaus gab es dann doch genug um alle G\u00e4ste zu verk\u00f6stigen und bis in den Nachmittag zu feiern. Wer noch nicht genug hatte durfte uns ins CAD begleiten und den Hochfasching mit uns weiterfeiern!<\/p>\n\n\n\n<p>Mit dem Tat\u00fc und unseren Kindern nahmen wir nat\u00fcrlich auch an den Umz\u00fcgen in der Umgebung teil und tanzten uns durch die Stra\u00dfen! Kleine und gro\u00dfe M\u00e4schgerle kamen zahlreich auf die Umz\u00fcge die heuer angenehme Temperaturen und teils strahlenden Sonnenschein versprachen! HI, HA, HO!<\/p>\n\n\n\n<p>Die Faschingssaison ist beendet und wir freuen uns noch auf unseren traditionellen Skitag! Danach wird gleich wieder \u00fcber die kommende Saison gesprochen, geplant und organisiert! Auf eine tolle n\u00e4chste Saison!<\/p>\n\n\n\n<figure class=\"wp-block-gallery has-nested-images columns-default is-cropped wp-block-gallery-1 is-layout-flex wp-block-gallery-is-layout-flex\">\n<figure class=\"wp-block-image size-large\"><img loading=\"lazy\" decoding=\"async\" width=\"1024\" height=\"1024\" data-id=\"199\" src=\"https:\/\/www.wealloruschar.com\/wp-content\/uploads\/2025\/04\/482321806_983143353913287_5149846964782869522_n-1024x1024.jpg\" alt=\"\" class=\"wp-image-199\" srcset=\"https:\/\/www.wealloruschar.com\/wp-content\/uploads\/2025\/04\/482321806_983143353913287_5149846964782869522_n-1024x1024.jpg 1024w, https:\/\/www.wealloruschar.com\/wp-content\/uploads\/2025\/04\/482321806_983143353913287_5149846964782869522_n-300x300.jpg 300w, https:\/\/www.wealloruschar.com\/wp-content\/uploads\/2025\/04\/482321806_983143353913287_5149846964782869522_n-150x150.jpg 150w, https:\/\/www.wealloruschar.com\/wp-content\/uploads\/2025\/04\/482321806_983143353913287_5149846964782869522_n-768x768.jpg 768w, https:\/\/www.wealloruschar.com\/wp-content\/uploads\/2025\/04\/482321806_983143353913287_5149846964782869522_n.jpg 1536w\" sizes=\"auto, (max-width: 1024px) 100vw, 1024px\" \/><\/figure>\n\n\n\n<figure class=\"wp-block-image size-large\"><img loading=\"lazy\" decoding=\"async\" width=\"723\" height=\"723\" data-id=\"198\" src=\"https:\/\/www.wealloruschar.com\/wp-content\/uploads\/2025\/04\/481924302_983143250579964_4172828675696111761_n.jpg\" alt=\"\" class=\"wp-image-198\" srcset=\"https:\/\/www.wealloruschar.com\/wp-content\/uploads\/2025\/04\/481924302_983143250579964_4172828675696111761_n.jpg 723w, https:\/\/www.wealloruschar.com\/wp-content\/uploads\/2025\/04\/481924302_983143250579964_4172828675696111761_n-300x300.jpg 300w, https:\/\/www.wealloruschar.com\/wp-content\/uploads\/2025\/04\/481924302_983143250579964_4172828675696111761_n-150x150.jpg 150w\" sizes=\"auto, (max-width: 723px) 100vw, 723px\" \/><\/figure>\n\n\n\n<figure class=\"wp-block-image size-large\"><img loading=\"lazy\" decoding=\"async\" width=\"728\" height=\"728\" data-id=\"195\" src=\"https:\/\/www.wealloruschar.com\/wp-content\/uploads\/2025\/04\/481821777_983143403913282_5721522816619519486_n.jpg\" alt=\"\" class=\"wp-image-195\" srcset=\"https:\/\/www.wealloruschar.com\/wp-content\/uploads\/2025\/04\/481821777_983143403913282_5721522816619519486_n.jpg 728w, https:\/\/www.wealloruschar.com\/wp-content\/uploads\/2025\/04\/481821777_983143403913282_5721522816619519486_n-300x300.jpg 300w, https:\/\/www.wealloruschar.com\/wp-content\/uploads\/2025\/04\/481821777_983143403913282_5721522816619519486_n-150x150.jpg 150w\" sizes=\"auto, (max-width: 728px) 100vw, 728px\" \/><\/figure>\n\n\n\n<figure class=\"wp-block-image size-large\"><img loading=\"lazy\" decoding=\"async\" width=\"1024\" height=\"1024\" data-id=\"194\" src=\"https:\/\/www.wealloruschar.com\/wp-content\/uploads\/2025\/04\/482221688_983143313913291_4455444835629398315_n-1024x1024.jpg\" alt=\"\" class=\"wp-image-194\" srcset=\"https:\/\/www.wealloruschar.com\/wp-content\/uploads\/2025\/04\/482221688_983143313913291_4455444835629398315_n-1024x1024.jpg 1024w, https:\/\/www.wealloruschar.com\/wp-content\/uploads\/2025\/04\/482221688_983143313913291_4455444835629398315_n-300x300.jpg 300w, https:\/\/www.wealloruschar.com\/wp-content\/uploads\/2025\/04\/482221688_983143313913291_4455444835629398315_n-150x150.jpg 150w, https:\/\/www.wealloruschar.com\/wp-content\/uploads\/2025\/04\/482221688_983143313913291_4455444835629398315_n-768x768.jpg 768w, https:\/\/www.wealloruschar.com\/wp-content\/uploads\/2025\/04\/482221688_983143313913291_4455444835629398315_n.jpg 1200w\" sizes=\"auto, (max-width: 1024px) 100vw, 1024px\" \/><\/figure>\n\n\n\n<figure class=\"wp-block-image size-large\"><img loading=\"lazy\" decoding=\"async\" width=\"996\" height=\"996\" data-id=\"200\" src=\"https:\/\/www.wealloruschar.com\/wp-content\/uploads\/2025\/04\/482079705_983143333913289_8408565054942029057_n.jpg\" alt=\"\" class=\"wp-image-200\" srcset=\"https:\/\/www.wealloruschar.com\/wp-content\/uploads\/2025\/04\/482079705_983143333913289_8408565054942029057_n.jpg 996w, https:\/\/www.wealloruschar.com\/wp-content\/uploads\/2025\/04\/482079705_983143333913289_8408565054942029057_n-300x300.jpg 300w, https:\/\/www.wealloruschar.com\/wp-content\/uploads\/2025\/04\/482079705_983143333913289_8408565054942029057_n-150x150.jpg 150w, https:\/\/www.wealloruschar.com\/wp-content\/uploads\/2025\/04\/482079705_983143333913289_8408565054942029057_n-768x768.jpg 768w\" sizes=\"auto, (max-width: 996px) 100vw, 996px\" \/><\/figure>\n\n\n\n<figure class=\"wp-block-image size-large\"><img loading=\"lazy\" decoding=\"async\" width=\"1024\" height=\"1024\" data-id=\"196\" src=\"https:\/\/www.wealloruschar.com\/wp-content\/uploads\/2025\/04\/482125967_983143317246624_820653893772657764_n-1024x1024.jpg\" alt=\"\" class=\"wp-image-196\" srcset=\"https:\/\/www.wealloruschar.com\/wp-content\/uploads\/2025\/04\/482125967_983143317246624_820653893772657764_n-1024x1024.jpg 1024w, https:\/\/www.wealloruschar.com\/wp-content\/uploads\/2025\/04\/482125967_983143317246624_820653893772657764_n-300x300.jpg 300w, https:\/\/www.wealloruschar.com\/wp-content\/uploads\/2025\/04\/482125967_983143317246624_820653893772657764_n-150x150.jpg 150w, https:\/\/www.wealloruschar.com\/wp-content\/uploads\/2025\/04\/482125967_983143317246624_820653893772657764_n-768x768.jpg 768w, https:\/\/www.wealloruschar.com\/wp-content\/uploads\/2025\/04\/482125967_983143317246624_820653893772657764_n.jpg 1200w\" sizes=\"auto, (max-width: 1024px) 100vw, 1024px\" \/><\/figure>\n\n\n\n<figure class=\"wp-block-image size-large\"><img loading=\"lazy\" decoding=\"async\" width=\"720\" height=\"720\" data-id=\"197\" src=\"https:\/\/www.wealloruschar.com\/wp-content\/uploads\/2025\/04\/482139620_983143253913297_7112983818199009544_n.jpg\" alt=\"\" class=\"wp-image-197\" srcset=\"https:\/\/www.wealloruschar.com\/wp-content\/uploads\/2025\/04\/482139620_983143253913297_7112983818199009544_n.jpg 720w, https:\/\/www.wealloruschar.com\/wp-content\/uploads\/2025\/04\/482139620_983143253913297_7112983818199009544_n-300x300.jpg 300w, https:\/\/www.wealloruschar.com\/wp-content\/uploads\/2025\/04\/482139620_983143253913297_7112983818199009544_n-150x150.jpg 150w\" sizes=\"auto, (max-width: 720px) 100vw, 720px\" \/><\/figure>\n<\/figure>\n\n\n\n<p><\/p>\n\n\n\n<p><\/p>\n\n\n\n<p>HI HA HO Saison 23\/24<\/p>\n\n\n\n<p>Wie jedes Jahr startet unsere Faschingssaison am 11.11. um 11:11 Uhr. 2023 fiel der Startschuss auf einen Samstag und wir lie\u00dfen es uns nicht nehmen diesen Tag von fr\u00fch bis sp\u00e4t zu feiern. Um 11:11 Uhr ging die erste Party des Tages bereits im Spannrahmen Hard \u00fcber die B\u00fchne, wo wir ordentlich die Faschingssaison einleiteten. Im Anschluss f\u00fchrte uns unser Weg zu den neuen Oberwealloruscharn Martin und Katharina Feuerstein ins Erlach (Hard).&nbsp; Zusammen machten wir uns dann auf den Weg nach Lindau, um auf der 80ger Party den Tag ausklingen zu lassen. Zudem trugen wir ein letztes Mal unser \u201ealtes Kost\u00fcm\u201c!<\/p>\n\n\n\n<p>Kaum hat die Faschingssaison begonnen hei\u00dft es f\u00fcr uns Wealloruschar <strong>HO HO HO<\/strong> <strong>! <\/strong>&nbsp;Am ersten Adventswochenende fand zum 12ten mal unser Adventszauber statt. Freitags beim After Gl\u00fchschoppen f\u00fcr unsere Sozialaktion <em>Hard f\u00fcr Hard<\/em> und Samstag`s mit unseren Marktst\u00e4ndlern bei weihnachtlichen Kl\u00e4ngen und reichlich kulinarischem Angebot. Die Kinder d\u00fcrfen jedes Jahr im St\u00fcble basteln, lachen und sich auf Weihnachten einstimmen. Trotz widriger Wetterverh\u00e4ltnisse danken wir allen Besuchern, die mit uns die Adventszeit eingel\u00e4utet haben.<\/p>\n\n\n\n<p>Unser gr\u00f6\u00dfter Dank f\u00fcr dieses arbeitsreiche Wochenende bekommen wir wenn wir durch unsere Aktion<em> Hard f\u00fcr Hard<\/em> die Geschenke an Kinder, Senioren und in Not geratene Menschen, an Weihnachten \u00fcbergeben d\u00fcrfen.<\/p>\n\n\n\n<p>2024 startete f\u00fcr uns mit einem Highlight. Wir durften auf der MS \u00d6sterreich unser neues Kost\u00fcm pr\u00e4sentieren. Bunt, originell und mit viel Herzblut designt. Danke an unsere Schneiderin Sigrun Br\u00e4ndle die uns professionell in allen Belangen begleitet hat!<\/p>\n\n\n\n<p>Dann geht es Schlag auf Schlag. Ein Ball folgt dem n\u00e4chsten und die Umz\u00fcge werden wie jedes Jahr mit unserem Tat\u00fc, Live-S\u00e4ngerin und Tanzeinlagen gefeiert.&nbsp; Alles im Sinne der Kinder die mit ihren staunenden Augen und lachenden M\u00fcndern die Umz\u00fcge zu etwas Besonderem machen.<\/p>\n\n\n\n<p>Unser Braten stehlen durch Hard hat Tradition und fand wie immer am gumpiga Donnerstag statt. Dank den vielen Gasth\u00e4usern und privaten K\u00fcchen durften wir wieder viele hungrige M\u00fcnder am Harder Rathaus stopfen. Die B\u00fcrgermeisterabsetzung und dieses Jahr auch die Diebesaktion der Luteracha&nbsp; Schollesteachar machten den Tag wieder zu einem au\u00dfergew\u00f6hnlichen Ereignis f\u00fcr das ganze Dorf und dar\u00fcber hinaus.<\/p>\n\n\n\n<p>Faschingsdienstag machten wir uns ein letztes Mal auf den Weg zum Kennelbacher Umzug und genossen das traumhafte Wetter. Manch einer schaffte es noch auf den erstmals organisierten Kehraus im Spannrahmen bis dann f\u00fcr alle der Aschermittwoch und somit das Ende der Faschingssaison begann.&nbsp; Ende\u2026oder doch nicht??<\/p>\n\n\n\n<p>Nicht ganz! Unser j\u00e4hrliches Ausflugsziel auf die Silvretta Nova durfte auch heuer nicht fehlen. Einen Tag auf Skiern oder zu Fu\u00df in den Bergen dann anschlie\u00dfend ins Urmonti zum Apres Ski! Jedes Jahr ein besonderer Tag f\u00fcr uns!<\/p>\n\n\n\n<p>Da wir noch nicht genug hatten waren wir, zum zweiten Mal, auch an der Abendbrise beteiligt. Wir belebten den alten L\u00f6wen im Dorfkern mit feinen Weinen, Brettljause und Musik mit den Swing Bugs.<\/p>\n\n\n\n<p>Nun ist aber genug! Jetzt wird schon an den kommenden Festen und bereits am Adventszauber gearbeitet. 2024 wird ein Jubil\u00e4umsjahr der Wealloruschar! Wir werden 30 Jahre und haben somit wieder was zu feiern!<\/p>\n\n\n\n<p>Auf eine gro\u00dfartige kommende Saison<\/p>\n\n\n\n<p>Freuen sich<\/p>\n\n\n\n<p>D Hardar Wealloruschar<\/p>\n\n\n\n<figure class=\"wp-block-gallery has-nested-images columns-default is-cropped wp-block-gallery-2 is-layout-flex wp-block-gallery-is-layout-flex\">\n<figure class=\"wp-block-image size-large\"><img loading=\"lazy\" decoding=\"async\" width=\"1024\" height=\"566\" data-id=\"153\" src=\"https:\/\/www.wealloruschar.com\/wp-content\/uploads\/2024\/07\/e07b0aff-5557-405b-a293-412c9e55ec5d-1024x566.jpeg\" alt=\"\" class=\"wp-image-153\" srcset=\"https:\/\/www.wealloruschar.com\/wp-content\/uploads\/2024\/07\/e07b0aff-5557-405b-a293-412c9e55ec5d-1024x566.jpeg 1024w, https:\/\/www.wealloruschar.com\/wp-content\/uploads\/2024\/07\/e07b0aff-5557-405b-a293-412c9e55ec5d-300x166.jpeg 300w, https:\/\/www.wealloruschar.com\/wp-content\/uploads\/2024\/07\/e07b0aff-5557-405b-a293-412c9e55ec5d-768x425.jpeg 768w, https:\/\/www.wealloruschar.com\/wp-content\/uploads\/2024\/07\/e07b0aff-5557-405b-a293-412c9e55ec5d.jpeg 1179w\" sizes=\"auto, (max-width: 1024px) 100vw, 1024px\" \/><\/figure>\n\n\n\n<figure class=\"wp-block-image size-large\"><img loading=\"lazy\" decoding=\"async\" width=\"1024\" height=\"755\" data-id=\"152\" src=\"https:\/\/www.wealloruschar.com\/wp-content\/uploads\/2024\/07\/5ae1bb20-4f16-47cd-b7a2-629e99db37d5-1024x755.jpeg\" alt=\"\" class=\"wp-image-152\" srcset=\"https:\/\/www.wealloruschar.com\/wp-content\/uploads\/2024\/07\/5ae1bb20-4f16-47cd-b7a2-629e99db37d5-1024x755.jpeg 1024w, https:\/\/www.wealloruschar.com\/wp-content\/uploads\/2024\/07\/5ae1bb20-4f16-47cd-b7a2-629e99db37d5-300x221.jpeg 300w, https:\/\/www.wealloruschar.com\/wp-content\/uploads\/2024\/07\/5ae1bb20-4f16-47cd-b7a2-629e99db37d5-768x566.jpeg 768w, https:\/\/www.wealloruschar.com\/wp-content\/uploads\/2024\/07\/5ae1bb20-4f16-47cd-b7a2-629e99db37d5.jpeg 1179w\" sizes=\"auto, (max-width: 1024px) 100vw, 1024px\" \/><\/figure>\n\n\n\n<figure class=\"wp-block-image size-large\"><img loading=\"lazy\" decoding=\"async\" width=\"815\" height=\"1024\" data-id=\"151\" src=\"https:\/\/www.wealloruschar.com\/wp-content\/uploads\/2024\/07\/57e61da1-0bc5-4eb1-8e52-212b1df38f8b-815x1024.jpeg\" alt=\"\" class=\"wp-image-151\" srcset=\"https:\/\/www.wealloruschar.com\/wp-content\/uploads\/2024\/07\/57e61da1-0bc5-4eb1-8e52-212b1df38f8b-815x1024.jpeg 815w, https:\/\/www.wealloruschar.com\/wp-content\/uploads\/2024\/07\/57e61da1-0bc5-4eb1-8e52-212b1df38f8b-239x300.jpeg 239w, https:\/\/www.wealloruschar.com\/wp-content\/uploads\/2024\/07\/57e61da1-0bc5-4eb1-8e52-212b1df38f8b-768x965.jpeg 768w, https:\/\/www.wealloruschar.com\/wp-content\/uploads\/2024\/07\/57e61da1-0bc5-4eb1-8e52-212b1df38f8b.jpeg 1179w\" sizes=\"auto, (max-width: 815px) 100vw, 815px\" \/><\/figure>\n\n\n\n<figure class=\"wp-block-image size-large\"><img loading=\"lazy\" decoding=\"async\" width=\"1024\" height=\"762\" data-id=\"150\" src=\"https:\/\/www.wealloruschar.com\/wp-content\/uploads\/2024\/07\/9dcb1109-44a4-49ef-9ee6-e0801e8fe302-1024x762.jpeg\" alt=\"\" class=\"wp-image-150\" srcset=\"https:\/\/www.wealloruschar.com\/wp-content\/uploads\/2024\/07\/9dcb1109-44a4-49ef-9ee6-e0801e8fe302-1024x762.jpeg 1024w, https:\/\/www.wealloruschar.com\/wp-content\/uploads\/2024\/07\/9dcb1109-44a4-49ef-9ee6-e0801e8fe302-300x223.jpeg 300w, https:\/\/www.wealloruschar.com\/wp-content\/uploads\/2024\/07\/9dcb1109-44a4-49ef-9ee6-e0801e8fe302-768x571.jpeg 768w, https:\/\/www.wealloruschar.com\/wp-content\/uploads\/2024\/07\/9dcb1109-44a4-49ef-9ee6-e0801e8fe302.jpeg 1179w\" sizes=\"auto, (max-width: 1024px) 100vw, 1024px\" \/><\/figure>\n\n\n\n<figure class=\"wp-block-image size-large\"><img loading=\"lazy\" decoding=\"async\" width=\"1024\" height=\"737\" data-id=\"149\" src=\"https:\/\/www.wealloruschar.com\/wp-content\/uploads\/2024\/07\/c33622ad-39d1-4809-a972-cb7a9041d525-1024x737.jpeg\" alt=\"\" class=\"wp-image-149\" srcset=\"https:\/\/www.wealloruschar.com\/wp-content\/uploads\/2024\/07\/c33622ad-39d1-4809-a972-cb7a9041d525-1024x737.jpeg 1024w, https:\/\/www.wealloruschar.com\/wp-content\/uploads\/2024\/07\/c33622ad-39d1-4809-a972-cb7a9041d525-300x216.jpeg 300w, https:\/\/www.wealloruschar.com\/wp-content\/uploads\/2024\/07\/c33622ad-39d1-4809-a972-cb7a9041d525-768x553.jpeg 768w, https:\/\/www.wealloruschar.com\/wp-content\/uploads\/2024\/07\/c33622ad-39d1-4809-a972-cb7a9041d525.jpeg 1177w\" sizes=\"auto, (max-width: 1024px) 100vw, 1024px\" \/><\/figure>\n\n\n\n<figure class=\"wp-block-image size-large\"><img loading=\"lazy\" decoding=\"async\" width=\"768\" height=\"1024\" data-id=\"145\" src=\"https:\/\/www.wealloruschar.com\/wp-content\/uploads\/2024\/07\/be8a59a3-e092-45c2-84b3-63ba0a365997-768x1024.jpeg\" alt=\"\" class=\"wp-image-145\" srcset=\"https:\/\/www.wealloruschar.com\/wp-content\/uploads\/2024\/07\/be8a59a3-e092-45c2-84b3-63ba0a365997-768x1024.jpeg 768w, https:\/\/www.wealloruschar.com\/wp-content\/uploads\/2024\/07\/be8a59a3-e092-45c2-84b3-63ba0a365997-225x300.jpeg 225w, https:\/\/www.wealloruschar.com\/wp-content\/uploads\/2024\/07\/be8a59a3-e092-45c2-84b3-63ba0a365997-1152x1536.jpeg 1152w, https:\/\/www.wealloruschar.com\/wp-content\/uploads\/2024\/07\/be8a59a3-e092-45c2-84b3-63ba0a365997.jpeg 1536w\" sizes=\"auto, (max-width: 768px) 100vw, 768px\" \/><\/figure>\n\n\n\n<figure class=\"wp-block-image size-large\"><img loading=\"lazy\" decoding=\"async\" width=\"1024\" height=\"768\" data-id=\"142\" src=\"https:\/\/www.wealloruschar.com\/wp-content\/uploads\/2024\/07\/image-1.jpeg\" alt=\"Dieses Bild hat ein leeres Alt-Attribut. Der Dateiname ist IMG_2445-1024x768.jpg\" class=\"wp-image-142\" srcset=\"https:\/\/www.wealloruschar.com\/wp-content\/uploads\/2024\/07\/image-1.jpeg 1024w, https:\/\/www.wealloruschar.com\/wp-content\/uploads\/2024\/07\/image-1-300x225.jpeg 300w, https:\/\/www.wealloruschar.com\/wp-content\/uploads\/2024\/07\/image-1-768x576.jpeg 768w\" sizes=\"auto, (max-width: 1024px) 100vw, 1024px\" \/><\/figure>\n\n\n\n<figure class=\"wp-block-image size-large\"><img loading=\"lazy\" decoding=\"async\" width=\"768\" height=\"1024\" data-id=\"146\" src=\"https:\/\/www.wealloruschar.com\/wp-content\/uploads\/2024\/07\/6b0fab64-e09f-4a70-bfe5-8f21c7c8e44c-768x1024.jpeg\" alt=\"\" class=\"wp-image-146\" srcset=\"https:\/\/www.wealloruschar.com\/wp-content\/uploads\/2024\/07\/6b0fab64-e09f-4a70-bfe5-8f21c7c8e44c-768x1024.jpeg 768w, https:\/\/www.wealloruschar.com\/wp-content\/uploads\/2024\/07\/6b0fab64-e09f-4a70-bfe5-8f21c7c8e44c-225x300.jpeg 225w, https:\/\/www.wealloruschar.com\/wp-content\/uploads\/2024\/07\/6b0fab64-e09f-4a70-bfe5-8f21c7c8e44c-1152x1536.jpeg 1152w, https:\/\/www.wealloruschar.com\/wp-content\/uploads\/2024\/07\/6b0fab64-e09f-4a70-bfe5-8f21c7c8e44c.jpeg 1200w\" sizes=\"auto, (max-width: 768px) 100vw, 768px\" \/><\/figure>\n\n\n\n<figure class=\"wp-block-image size-large\"><img loading=\"lazy\" decoding=\"async\" width=\"1024\" height=\"768\" data-id=\"147\" src=\"https:\/\/www.wealloruschar.com\/wp-content\/uploads\/2024\/07\/2a7e607e-40e1-4980-93af-4eee285d7386-1024x768.jpeg\" alt=\"\" class=\"wp-image-147\" srcset=\"https:\/\/www.wealloruschar.com\/wp-content\/uploads\/2024\/07\/2a7e607e-40e1-4980-93af-4eee285d7386-1024x768.jpeg 1024w, https:\/\/www.wealloruschar.com\/wp-content\/uploads\/2024\/07\/2a7e607e-40e1-4980-93af-4eee285d7386-300x225.jpeg 300w, https:\/\/www.wealloruschar.com\/wp-content\/uploads\/2024\/07\/2a7e607e-40e1-4980-93af-4eee285d7386-768x576.jpeg 768w, https:\/\/www.wealloruschar.com\/wp-content\/uploads\/2024\/07\/2a7e607e-40e1-4980-93af-4eee285d7386-1536x1152.jpeg 1536w, https:\/\/www.wealloruschar.com\/wp-content\/uploads\/2024\/07\/2a7e607e-40e1-4980-93af-4eee285d7386.jpeg 1600w\" sizes=\"auto, (max-width: 1024px) 100vw, 1024px\" \/><\/figure>\n\n\n\n<figure class=\"wp-block-image size-large\"><img loading=\"lazy\" decoding=\"async\" width=\"833\" height=\"1024\" data-id=\"148\" src=\"https:\/\/www.wealloruschar.com\/wp-content\/uploads\/2024\/07\/aa135585-8af4-416f-a759-0262a40f8b4f-833x1024.jpeg\" alt=\"\" class=\"wp-image-148\" srcset=\"https:\/\/www.wealloruschar.com\/wp-content\/uploads\/2024\/07\/aa135585-8af4-416f-a759-0262a40f8b4f-833x1024.jpeg 833w, https:\/\/www.wealloruschar.com\/wp-content\/uploads\/2024\/07\/aa135585-8af4-416f-a759-0262a40f8b4f-244x300.jpeg 244w, https:\/\/www.wealloruschar.com\/wp-content\/uploads\/2024\/07\/aa135585-8af4-416f-a759-0262a40f8b4f-768x945.jpeg 768w, https:\/\/www.wealloruschar.com\/wp-content\/uploads\/2024\/07\/aa135585-8af4-416f-a759-0262a40f8b4f.jpeg 1179w\" sizes=\"auto, (max-width: 833px) 100vw, 833px\" \/><\/figure>\n\n\n\n<figure class=\"wp-block-image size-large\"><img loading=\"lazy\" decoding=\"async\" width=\"1024\" height=\"768\" data-id=\"144\" src=\"https:\/\/www.wealloruschar.com\/wp-content\/uploads\/2024\/07\/a5b4adca-6f19-4759-ab7f-da8b65991501-1024x768.jpeg\" alt=\"\" class=\"wp-image-144\" srcset=\"https:\/\/www.wealloruschar.com\/wp-content\/uploads\/2024\/07\/a5b4adca-6f19-4759-ab7f-da8b65991501-1024x768.jpeg 1024w, https:\/\/www.wealloruschar.com\/wp-content\/uploads\/2024\/07\/a5b4adca-6f19-4759-ab7f-da8b65991501-300x225.jpeg 300w, https:\/\/www.wealloruschar.com\/wp-content\/uploads\/2024\/07\/a5b4adca-6f19-4759-ab7f-da8b65991501-768x576.jpeg 768w, https:\/\/www.wealloruschar.com\/wp-content\/uploads\/2024\/07\/a5b4adca-6f19-4759-ab7f-da8b65991501-1536x1152.jpeg 1536w, https:\/\/www.wealloruschar.com\/wp-content\/uploads\/2024\/07\/a5b4adca-6f19-4759-ab7f-da8b65991501.jpeg 2048w\" sizes=\"auto, (max-width: 1024px) 100vw, 1024px\" \/><\/figure>\n<\/figure>\n","protected":false},"excerpt":{"rendered":"<p>Faschingssaison 2024\/25 der Hardar Wealloruschar Diese Saison starteten wir bereits im Oktober mit unserem&nbsp; Geburtstagsfest! 30 Jahre Wahnsinn und kein Ende in Sicht! Unter diesem Motto haben wir am 11.10.24 unser 30j\u00e4hriges Vereinsjubil\u00e4um gefeiert. Danke an Alle die mit uns gefeiert haben und den Abend so besonders gemacht haben! Es war ein perfekter Einstieg in [&hellip;]<\/p>\n","protected":false},"author":3,"featured_media":0,"parent":0,"menu_order":0,"comment_status":"closed","ping_status":"closed","template":"","meta":{"_monsterinsights_skip_tracking":false,"_monsterinsights_sitenote_active":false,"_monsterinsights_sitenote_note":"","_monsterinsights_sitenote_category":0,"footnotes":""},"class_list":["post-126","page","type-page","status-publish","hentry"],"_links":{"self":[{"href":"https:\/\/www.wealloruschar.com\/dhardar-wealloruschar\/wp-json\/wp\/v2\/pages\/126","targetHints":{"allow":["GET"]}}],"collection":[{"href":"https:\/\/www.wealloruschar.com\/dhardar-wealloruschar\/wp-json\/wp\/v2\/pages"}],"about":[{"href":"https:\/\/www.wealloruschar.com\/dhardar-wealloruschar\/wp-json\/wp\/v2\/types\/page"}],"author":[{"embeddable":true,"href":"https:\/\/www.wealloruschar.com\/dhardar-wealloruschar\/wp-json\/wp\/v2\/users\/3"}],"replies":[{"embeddable":true,"href":"https:\/\/www.wealloruschar.com\/dhardar-wealloruschar\/wp-json\/wp\/v2\/comments?post=126"}],"version-history":[{"count":14,"href":"https:\/\/www.wealloruschar.com\/dhardar-wealloruschar\/wp-json\/wp\/v2\/pages\/126\/revisions"}],"predecessor-version":[{"id":201,"href":"https:\/\/www.wealloruschar.com\/dhardar-wealloruschar\/wp-json\/wp\/v2\/pages\/126\/revisions\/201"}],"wp:attachment":[{"href":"https:\/\/www.wealloruschar.com\/dhardar-wealloruschar\/wp-json\/wp\/v2\/media?parent=126"}],"curies":[{"name":"wp","href":"https:\/\/api.w.org\/{rel}","templated":true}]}}